{"id":53,"date":"2024-03-12T10:50:47","date_gmt":"2024-03-12T10:50:47","guid":{"rendered":"http:\/\/trebeltaler-hof.de\/wordpress\/?page_id=53"},"modified":"2025-08-23T12:15:40","modified_gmt":"2025-08-23T12:15:40","slug":"a-wurf","status":"publish","type":"page","link":"https:\/\/trebeltaler-hof.de\/wordpress\/a-wurf\/","title":{"rendered":"Unser A-Wurf"},"content":{"rendered":"\n<p class=\"has-text-align-center has-background\" style=\"background:radial-gradient(rgb(202,248,128) 0%,rgb(113,206,126) 100%);font-size:14px\"><strong>Am 30. November 2024 hat unsere Hedy <strong>instinktsicher<\/strong> 6 Welpen (2 Jungen und 4 M\u00e4dchen) das Leben geschenkt. <\/strong><\/p>\n\n\n\n<p class=\"has-text-align-center\" style=\"font-size:12px\"><strong>20. August 2025 &#8211;<\/strong> <strong>Inzwischen 8 Monate jung- sie wachsen und gedeihen.<\/strong><\/p>\n\n\n\n<figure class=\"wp-block-gallery has-nested-images columns-default is-cropped wp-block-gallery-1 is-layout-flex wp-block-gallery-is-layout-flex\">\n<figure class=\"wp-block-image size-full\"><img decoding=\"async\" data-id=\"676\" src=\"https:\/\/trebeltaler-hof.de\/wordpress\/wp-content\/uploads\/2025\/08\/Anton01-1.jpg\" alt=\"\" class=\"wp-image-676\"\/><figcaption class=\"wp-element-caption\">Anton<\/figcaption><\/figure>\n\n\n\n<figure class=\"wp-block-image size-large\"><img loading=\"lazy\" decoding=\"async\" width=\"479\" height=\"640\" data-id=\"656\" src=\"https:\/\/trebeltaler-hof.de\/wordpress\/wp-content\/uploads\/2025\/08\/Kenny.jpg\" alt=\"\" class=\"wp-image-656\" srcset=\"https:\/\/trebeltaler-hof.de\/wordpress\/wp-content\/uploads\/2025\/08\/Kenny.jpg 479w, https:\/\/trebeltaler-hof.de\/wordpress\/wp-content\/uploads\/2025\/08\/Kenny-225x300.jpg 225w\" sizes=\"auto, (max-width: 479px) 100vw, 479px\" \/><figcaption class=\"wp-element-caption\">Kenny<\/figcaption><\/figure>\n\n\n\n<figure class=\"wp-block-image size-large\"><img loading=\"lazy\" decoding=\"async\" width=\"789\" height=\"1024\" data-id=\"657\" src=\"https:\/\/trebeltaler-hof.de\/wordpress\/wp-content\/uploads\/2025\/08\/Ari-789x1024.jpg\" alt=\"\" class=\"wp-image-657\" srcset=\"https:\/\/trebeltaler-hof.de\/wordpress\/wp-content\/uploads\/2025\/08\/Ari-789x1024.jpg 789w, https:\/\/trebeltaler-hof.de\/wordpress\/wp-content\/uploads\/2025\/08\/Ari-231x300.jpg 231w, https:\/\/trebeltaler-hof.de\/wordpress\/wp-content\/uploads\/2025\/08\/Ari.jpg 940w\" sizes=\"auto, (max-width: 789px) 100vw, 789px\" \/><figcaption class=\"wp-element-caption\">Ari<\/figcaption><\/figure>\n\n\n\n<figure class=\"wp-block-image size-large\"><img loading=\"lazy\" decoding=\"async\" width=\"704\" height=\"1024\" data-id=\"669\" src=\"https:\/\/trebeltaler-hof.de\/wordpress\/wp-content\/uploads\/2025\/08\/Tally01-704x1024.jpg\" alt=\"\" class=\"wp-image-669\" srcset=\"https:\/\/trebeltaler-hof.de\/wordpress\/wp-content\/uploads\/2025\/08\/Tally01-704x1024.jpg 704w, https:\/\/trebeltaler-hof.de\/wordpress\/wp-content\/uploads\/2025\/08\/Tally01-206x300.jpg 206w, https:\/\/trebeltaler-hof.de\/wordpress\/wp-content\/uploads\/2025\/08\/Tally01-scaled.jpg 1759w\" sizes=\"auto, (max-width: 704px) 100vw, 704px\" \/><figcaption class=\"wp-element-caption\">Tally<\/figcaption><\/figure>\n\n\n\n<figure class=\"wp-block-image size-large\"><img loading=\"lazy\" decoding=\"async\" width=\"693\" height=\"1024\" data-id=\"660\" src=\"https:\/\/trebeltaler-hof.de\/wordpress\/wp-content\/uploads\/2025\/08\/Molly-693x1024.jpg\" alt=\"\" class=\"wp-image-660\" srcset=\"https:\/\/trebeltaler-hof.de\/wordpress\/wp-content\/uploads\/2025\/08\/Molly-693x1024.jpg 693w, https:\/\/trebeltaler-hof.de\/wordpress\/wp-content\/uploads\/2025\/08\/Molly-203x300.jpg 203w, https:\/\/trebeltaler-hof.de\/wordpress\/wp-content\/uploads\/2025\/08\/Molly-768x1135.jpg 768w, https:\/\/trebeltaler-hof.de\/wordpress\/wp-content\/uploads\/2025\/08\/Molly-508x751.jpg 508w, https:\/\/trebeltaler-hof.de\/wordpress\/wp-content\/uploads\/2025\/08\/Molly.jpg 868w\" sizes=\"auto, (max-width: 693px) 100vw, 693px\" \/><figcaption class=\"wp-element-caption\">Molly<\/figcaption><\/figure>\n\n\n\n<figure class=\"wp-block-image size-large\"><img loading=\"lazy\" decoding=\"async\" width=\"1024\" height=\"947\" data-id=\"664\" src=\"https:\/\/trebeltaler-hof.de\/wordpress\/wp-content\/uploads\/2025\/08\/Wilma-1-1024x947.jpg\" alt=\"\" class=\"wp-image-664\" srcset=\"https:\/\/trebeltaler-hof.de\/wordpress\/wp-content\/uploads\/2025\/08\/Wilma-1-1024x947.jpg 1024w, https:\/\/trebeltaler-hof.de\/wordpress\/wp-content\/uploads\/2025\/08\/Wilma-1-300x277.jpg 300w, https:\/\/trebeltaler-hof.de\/wordpress\/wp-content\/uploads\/2025\/08\/Wilma-1-768x710.jpg 768w, https:\/\/trebeltaler-hof.de\/wordpress\/wp-content\/uploads\/2025\/08\/Wilma-1-973x900.jpg 973w, https:\/\/trebeltaler-hof.de\/wordpress\/wp-content\/uploads\/2025\/08\/Wilma-1-508x470.jpg 508w, https:\/\/trebeltaler-hof.de\/wordpress\/wp-content\/uploads\/2025\/08\/Wilma-1.jpg 1050w\" sizes=\"auto, (max-width: 1024px) 100vw, 1024px\" \/><figcaption class=\"wp-element-caption\">Wilma<\/figcaption><\/figure>\n<\/figure>\n\n\n\n<p class=\"has-text-align-center\" style=\"font-size:10px\"><strong>Anfang April 2025 &#8211; 4 Monate jung<\/strong><\/p>\n\n\n\n<figure class=\"wp-block-gallery has-nested-images columns-default is-cropped wp-block-gallery-2 is-layout-flex wp-block-gallery-is-layout-flex\">\n<figure class=\"wp-block-image size-full\"><img loading=\"lazy\" decoding=\"async\" width=\"300\" height=\"240\" data-id=\"602\" src=\"https:\/\/trebeltaler-hof.de\/wordpress\/wp-content\/uploads\/2025\/04\/4-Monate-b-1.jpg\" alt=\"\" class=\"wp-image-602\"\/><\/figure>\n\n\n\n<figure class=\"wp-block-image size-large\"><img loading=\"lazy\" decoding=\"async\" width=\"1024\" height=\"819\" data-id=\"596\" src=\"https:\/\/trebeltaler-hof.de\/wordpress\/wp-content\/uploads\/2025\/04\/Vier-Monate-1-1024x819.jpg\" alt=\"\" class=\"wp-image-596\"\/><\/figure>\n\n\n\n<figure class=\"wp-block-image size-full\"><img loading=\"lazy\" decoding=\"async\" width=\"300\" height=\"240\" data-id=\"608\" src=\"https:\/\/trebeltaler-hof.de\/wordpress\/wp-content\/uploads\/2025\/04\/Vier-Monate-neu-e1744184410552.jpg\" alt=\"\" class=\"wp-image-608\"\/><\/figure>\n\n\n\n<figure class=\"wp-block-image size-large\"><img loading=\"lazy\" decoding=\"async\" width=\"1024\" height=\"818\" data-id=\"598\" src=\"https:\/\/trebeltaler-hof.de\/wordpress\/wp-content\/uploads\/2025\/04\/Vier-Monate-3-1024x818.jpg\" alt=\"\" class=\"wp-image-598\"\/><\/figure>\n\n\n\n<figure class=\"wp-block-image size-large\"><img loading=\"lazy\" decoding=\"async\" width=\"1024\" height=\"819\" data-id=\"597\" src=\"https:\/\/trebeltaler-hof.de\/wordpress\/wp-content\/uploads\/2025\/04\/vier-Monate-2-1024x819.jpg\" alt=\"\" class=\"wp-image-597\"\/><\/figure>\n\n\n\n<figure class=\"wp-block-image size-full\"><img loading=\"lazy\" decoding=\"async\" width=\"300\" height=\"240\" data-id=\"599\" src=\"https:\/\/trebeltaler-hof.de\/wordpress\/wp-content\/uploads\/2025\/04\/vier_Monate-e1744182180519.jpg\" alt=\"\" class=\"wp-image-599\"\/><\/figure>\n<\/figure>\n\n\n\n<p class=\"has-text-align-center\" style=\"font-size:10px\"><strong>Anfang Februar &#8211; letzte Fotos aus P\u00f6glitz &#8211; 9 Wochen jung<\/strong><\/p>\n\n\n\n<figure class=\"wp-block-gallery has-nested-images columns-default is-cropped wp-block-gallery-3 is-layout-flex wp-block-gallery-is-layout-flex\">\n<figure class=\"wp-block-image size-large\"><img loading=\"lazy\" decoding=\"async\" width=\"533\" height=\"800\" data-id=\"532\" src=\"https:\/\/trebeltaler-hof.de\/wordpress\/wp-content\/uploads\/2025\/02\/IMG_2136-anton.jpg\" alt=\"\" class=\"wp-image-532\" srcset=\"https:\/\/trebeltaler-hof.de\/wordpress\/wp-content\/uploads\/2025\/02\/IMG_2136-anton.jpg 533w, https:\/\/trebeltaler-hof.de\/wordpress\/wp-content\/uploads\/2025\/02\/IMG_2136-anton-200x300.jpg 200w\" sizes=\"auto, (max-width: 533px) 100vw, 533px\" \/><figcaption class=\"wp-element-caption\">Anton (blau)<\/figcaption><\/figure>\n\n\n\n<figure class=\"wp-block-image size-large\"><img loading=\"lazy\" decoding=\"async\" width=\"533\" height=\"800\" data-id=\"533\" src=\"https:\/\/trebeltaler-hof.de\/wordpress\/wp-content\/uploads\/2025\/02\/IMG_2189-kenny.jpg\" alt=\"\" class=\"wp-image-533\" srcset=\"https:\/\/trebeltaler-hof.de\/wordpress\/wp-content\/uploads\/2025\/02\/IMG_2189-kenny.jpg 533w, https:\/\/trebeltaler-hof.de\/wordpress\/wp-content\/uploads\/2025\/02\/IMG_2189-kenny-200x300.jpg 200w, https:\/\/trebeltaler-hof.de\/wordpress\/wp-content\/uploads\/2025\/02\/IMG_2189-kenny-508x762.jpg 508w\" sizes=\"auto, (max-width: 533px) 100vw, 533px\" \/><figcaption class=\"wp-element-caption\">Aramis (gr\u00fcn)<\/figcaption><\/figure>\n\n\n\n<figure class=\"wp-block-image size-full\"><img loading=\"lazy\" decoding=\"async\" width=\"533\" height=\"800\" data-id=\"535\" src=\"https:\/\/trebeltaler-hof.de\/wordpress\/wp-content\/uploads\/2025\/02\/IMG_2215-ari.jpg\" alt=\"\" class=\"wp-image-535\" srcset=\"https:\/\/trebeltaler-hof.de\/wordpress\/wp-content\/uploads\/2025\/02\/IMG_2215-ari.jpg 533w, https:\/\/trebeltaler-hof.de\/wordpress\/wp-content\/uploads\/2025\/02\/IMG_2215-ari-200x300.jpg 200w, https:\/\/trebeltaler-hof.de\/wordpress\/wp-content\/uploads\/2025\/02\/IMG_2215-ari-508x762.jpg 508w\" sizes=\"auto, (max-width: 533px) 100vw, 533px\" \/><figcaption class=\"wp-element-caption\">Ari (rot)<\/figcaption><\/figure>\n\n\n\n<figure class=\"wp-block-image size-full\"><img loading=\"lazy\" decoding=\"async\" width=\"533\" height=\"800\" data-id=\"538\" src=\"https:\/\/trebeltaler-hof.de\/wordpress\/wp-content\/uploads\/2025\/02\/IMG_2205-tally.jpg\" alt=\"\" class=\"wp-image-538\" srcset=\"https:\/\/trebeltaler-hof.de\/wordpress\/wp-content\/uploads\/2025\/02\/IMG_2205-tally.jpg 533w, https:\/\/trebeltaler-hof.de\/wordpress\/wp-content\/uploads\/2025\/02\/IMG_2205-tally-200x300.jpg 200w, https:\/\/trebeltaler-hof.de\/wordpress\/wp-content\/uploads\/2025\/02\/IMG_2205-tally-508x762.jpg 508w\" sizes=\"auto, (max-width: 533px) 100vw, 533px\" \/><figcaption class=\"wp-element-caption\">Atally (rosa)<\/figcaption><\/figure>\n\n\n\n<figure class=\"wp-block-image size-full\"><img loading=\"lazy\" decoding=\"async\" width=\"533\" height=\"800\" data-id=\"534\" src=\"https:\/\/trebeltaler-hof.de\/wordpress\/wp-content\/uploads\/2025\/02\/IMG_2197-molli.jpg\" alt=\"\" class=\"wp-image-534\" srcset=\"https:\/\/trebeltaler-hof.de\/wordpress\/wp-content\/uploads\/2025\/02\/IMG_2197-molli.jpg 533w, https:\/\/trebeltaler-hof.de\/wordpress\/wp-content\/uploads\/2025\/02\/IMG_2197-molli-200x300.jpg 200w, https:\/\/trebeltaler-hof.de\/wordpress\/wp-content\/uploads\/2025\/02\/IMG_2197-molli-508x762.jpg 508w\" sizes=\"auto, (max-width: 533px) 100vw, 533px\" \/><figcaption class=\"wp-element-caption\">Aurora (braun)<\/figcaption><\/figure>\n\n\n\n<figure class=\"wp-block-image size-large\"><img loading=\"lazy\" decoding=\"async\" width=\"683\" height=\"1024\" data-id=\"536\" src=\"https:\/\/trebeltaler-hof.de\/wordpress\/wp-content\/uploads\/2025\/02\/IMG_2250-wilma-683x1024.jpg\" alt=\"\" class=\"wp-image-536\" srcset=\"https:\/\/trebeltaler-hof.de\/wordpress\/wp-content\/uploads\/2025\/02\/IMG_2250-wilma-683x1024.jpg 683w, https:\/\/trebeltaler-hof.de\/wordpress\/wp-content\/uploads\/2025\/02\/IMG_2250-wilma-200x300.jpg 200w, https:\/\/trebeltaler-hof.de\/wordpress\/wp-content\/uploads\/2025\/02\/IMG_2250-wilma-768x1152.jpg 768w, https:\/\/trebeltaler-hof.de\/wordpress\/wp-content\/uploads\/2025\/02\/IMG_2250-wilma.jpg 944w\" sizes=\"auto, (max-width: 683px) 100vw, 683px\" \/><figcaption class=\"wp-element-caption\">Ava (orange)<\/figcaption><\/figure>\n<\/figure>\n\n\n\n<p class=\"has-text-align-center\" style=\"font-size:10px\"><\/p>\n\n\n\n<figure class=\"wp-block-gallery has-nested-images columns-default is-cropped wp-block-gallery-4 is-layout-flex wp-block-gallery-is-layout-flex\">\n<figure class=\"wp-block-image\"><img loading=\"lazy\" decoding=\"async\" width=\"999\" height=\"707\" data-id=\"503\" src=\"https:\/\/trebeltaler-hof.de\/wordpress\/wp-content\/uploads\/2025\/01\/pf_1736789519.png\" alt=\"\" class=\"wp-image-503\" srcset=\"https:\/\/trebeltaler-hof.de\/wordpress\/wp-content\/uploads\/2025\/01\/pf_1736789519.png 999w, https:\/\/trebeltaler-hof.de\/wordpress\/wp-content\/uploads\/2025\/01\/pf_1736789519-300x212.png 300w, https:\/\/trebeltaler-hof.de\/wordpress\/wp-content\/uploads\/2025\/01\/pf_1736789519-768x544.png 768w, https:\/\/trebeltaler-hof.de\/wordpress\/wp-content\/uploads\/2025\/01\/pf_1736789519-973x689.png 973w, https:\/\/trebeltaler-hof.de\/wordpress\/wp-content\/uploads\/2025\/01\/pf_1736789519-508x360.png 508w\" sizes=\"auto, (max-width: 999px) 100vw, 999px\" \/><figcaption class=\"wp-element-caption\">6 Wochen alt<\/figcaption><\/figure>\n\n\n\n<figure class=\"wp-block-image\"><img loading=\"lazy\" decoding=\"async\" width=\"2560\" height=\"1974\" data-id=\"504\" src=\"https:\/\/trebeltaler-hof.de\/wordpress\/wp-content\/uploads\/2025\/01\/20250124_100459-scaled.jpg\" alt=\"\" class=\"wp-image-504\" srcset=\"https:\/\/trebeltaler-hof.de\/wordpress\/wp-content\/uploads\/2025\/01\/20250124_100459-scaled.jpg 2560w, https:\/\/trebeltaler-hof.de\/wordpress\/wp-content\/uploads\/2025\/01\/20250124_100459-300x231.jpg 300w, https:\/\/trebeltaler-hof.de\/wordpress\/wp-content\/uploads\/2025\/01\/20250124_100459-1024x789.jpg 1024w, https:\/\/trebeltaler-hof.de\/wordpress\/wp-content\/uploads\/2025\/01\/20250124_100459-768x592.jpg 768w, https:\/\/trebeltaler-hof.de\/wordpress\/wp-content\/uploads\/2025\/01\/20250124_100459-1536x1184.jpg 1536w, https:\/\/trebeltaler-hof.de\/wordpress\/wp-content\/uploads\/2025\/01\/20250124_100459-2048x1579.jpg 2048w, https:\/\/trebeltaler-hof.de\/wordpress\/wp-content\/uploads\/2025\/01\/20250124_100459-973x750.jpg 973w, https:\/\/trebeltaler-hof.de\/wordpress\/wp-content\/uploads\/2025\/01\/20250124_100459-508x392.jpg 508w\" sizes=\"auto, (max-width: 2560px) 100vw, 2560px\" \/><figcaption class=\"wp-element-caption\">7,5 Wochen alt<\/figcaption><\/figure>\n<\/figure>\n\n\n\n<h2 class=\"wp-block-heading has-text-align-center\" style=\"font-size:10px\">11.12.2024 &#8211; Die Welpen sind inzwischen 11 Tage alt<\/h2>\n\n\n\n<figure class=\"wp-block-gallery alignwide has-nested-images columns-default is-cropped wp-block-gallery-5 is-layout-flex wp-block-gallery-is-layout-flex\">\n<figure class=\"wp-block-image size-large\"><img loading=\"lazy\" decoding=\"async\" width=\"1024\" height=\"1024\" data-id=\"472\" src=\"https:\/\/trebeltaler-hof.de\/wordpress\/wp-content\/uploads\/2024\/12\/IMG_0619-1024x1024.jpg\" alt=\"\" class=\"wp-image-472\" srcset=\"https:\/\/trebeltaler-hof.de\/wordpress\/wp-content\/uploads\/2024\/12\/IMG_0619-1024x1024.jpg 1024w, https:\/\/trebeltaler-hof.de\/wordpress\/wp-content\/uploads\/2024\/12\/IMG_0619-300x300.jpg 300w, https:\/\/trebeltaler-hof.de\/wordpress\/wp-content\/uploads\/2024\/12\/IMG_0619-150x150.jpg 150w, https:\/\/trebeltaler-hof.de\/wordpress\/wp-content\/uploads\/2024\/12\/IMG_0619-768x768.jpg 768w, https:\/\/trebeltaler-hof.de\/wordpress\/wp-content\/uploads\/2024\/12\/IMG_0619-1536x1536.jpg 1536w, https:\/\/trebeltaler-hof.de\/wordpress\/wp-content\/uploads\/2024\/12\/IMG_0619-88x88.jpg 88w, https:\/\/trebeltaler-hof.de\/wordpress\/wp-content\/uploads\/2024\/12\/IMG_0619-973x973.jpg 973w, https:\/\/trebeltaler-hof.de\/wordpress\/wp-content\/uploads\/2024\/12\/IMG_0619-508x508.jpg 508w, https:\/\/trebeltaler-hof.de\/wordpress\/wp-content\/uploads\/2024\/12\/IMG_0619.jpg 1612w\" sizes=\"auto, (max-width: 1024px) 100vw, 1024px\" \/><\/figure>\n\n\n\n<figure class=\"wp-block-image size-large\"><img loading=\"lazy\" decoding=\"async\" width=\"1612\" height=\"1612\" data-id=\"470\" src=\"https:\/\/trebeltaler-hof.de\/wordpress\/wp-content\/uploads\/2024\/12\/IMG_0613.jpg\" alt=\"\" class=\"wp-image-470\"\/><\/figure>\n\n\n\n<figure class=\"wp-block-image size-large\"><img loading=\"lazy\" decoding=\"async\" width=\"1024\" height=\"1024\" data-id=\"475\" src=\"https:\/\/trebeltaler-hof.de\/wordpress\/wp-content\/uploads\/2024\/12\/IMG_0617-1024x1024.jpg\" alt=\"\" class=\"wp-image-475\" srcset=\"https:\/\/trebeltaler-hof.de\/wordpress\/wp-content\/uploads\/2024\/12\/IMG_0617-1024x1024.jpg 1024w, https:\/\/trebeltaler-hof.de\/wordpress\/wp-content\/uploads\/2024\/12\/IMG_0617-300x300.jpg 300w, https:\/\/trebeltaler-hof.de\/wordpress\/wp-content\/uploads\/2024\/12\/IMG_0617-150x150.jpg 150w, https:\/\/trebeltaler-hof.de\/wordpress\/wp-content\/uploads\/2024\/12\/IMG_0617-768x768.jpg 768w, https:\/\/trebeltaler-hof.de\/wordpress\/wp-content\/uploads\/2024\/12\/IMG_0617.jpg 1612w\" sizes=\"auto, (max-width: 1024px) 100vw, 1024px\" \/><\/figure>\n\n\n\n<figure class=\"wp-block-image size-large\"><img loading=\"lazy\" decoding=\"async\" width=\"1024\" height=\"1024\" data-id=\"471\" src=\"https:\/\/trebeltaler-hof.de\/wordpress\/wp-content\/uploads\/2024\/12\/IMG_0616-1024x1024.jpg\" alt=\"\" class=\"wp-image-471\" srcset=\"https:\/\/trebeltaler-hof.de\/wordpress\/wp-content\/uploads\/2024\/12\/IMG_0616-1024x1024.jpg 1024w, https:\/\/trebeltaler-hof.de\/wordpress\/wp-content\/uploads\/2024\/12\/IMG_0616-300x300.jpg 300w, https:\/\/trebeltaler-hof.de\/wordpress\/wp-content\/uploads\/2024\/12\/IMG_0616-150x150.jpg 150w, https:\/\/trebeltaler-hof.de\/wordpress\/wp-content\/uploads\/2024\/12\/IMG_0616-768x768.jpg 768w, https:\/\/trebeltaler-hof.de\/wordpress\/wp-content\/uploads\/2024\/12\/IMG_0616-1536x1536.jpg 1536w, https:\/\/trebeltaler-hof.de\/wordpress\/wp-content\/uploads\/2024\/12\/IMG_0616-88x88.jpg 88w, https:\/\/trebeltaler-hof.de\/wordpress\/wp-content\/uploads\/2024\/12\/IMG_0616-973x973.jpg 973w, https:\/\/trebeltaler-hof.de\/wordpress\/wp-content\/uploads\/2024\/12\/IMG_0616-508x508.jpg 508w, https:\/\/trebeltaler-hof.de\/wordpress\/wp-content\/uploads\/2024\/12\/IMG_0616.jpg 1612w\" sizes=\"auto, (max-width: 1024px) 100vw, 1024px\" \/><\/figure>\n\n\n\n<figure class=\"wp-block-image size-large\"><img loading=\"lazy\" decoding=\"async\" width=\"1612\" height=\"1612\" data-id=\"473\" src=\"https:\/\/trebeltaler-hof.de\/wordpress\/wp-content\/uploads\/2024\/12\/IMG_0621.jpg\" alt=\"\" class=\"wp-image-473\"\/><\/figure>\n\n\n\n<figure class=\"wp-block-image size-large\"><img loading=\"lazy\" decoding=\"async\" width=\"1612\" height=\"1612\" data-id=\"474\" src=\"https:\/\/trebeltaler-hof.de\/wordpress\/wp-content\/uploads\/2024\/12\/IMG_0614.jpg\" alt=\"\" class=\"wp-image-474\" srcset=\"https:\/\/trebeltaler-hof.de\/wordpress\/wp-content\/uploads\/2024\/12\/IMG_0614.jpg 1612w, https:\/\/trebeltaler-hof.de\/wordpress\/wp-content\/uploads\/2024\/12\/IMG_0614-300x300.jpg 300w\" sizes=\"auto, (max-width: 1612px) 100vw, 1612px\" \/><\/figure>\n<\/figure>\n\n\n\n<figure class=\"wp-block-image size-full\"><img loading=\"lazy\" decoding=\"async\" width=\"800\" height=\"533\" src=\"https:\/\/trebeltaler-hof.de\/wordpress\/wp-content\/uploads\/2024\/12\/20241202_141905b.jpg\" alt=\"\" class=\"wp-image-454\" srcset=\"https:\/\/trebeltaler-hof.de\/wordpress\/wp-content\/uploads\/2024\/12\/20241202_141905b.jpg 800w, https:\/\/trebeltaler-hof.de\/wordpress\/wp-content\/uploads\/2024\/12\/20241202_141905b-300x200.jpg 300w, https:\/\/trebeltaler-hof.de\/wordpress\/wp-content\/uploads\/2024\/12\/20241202_141905b-768x512.jpg 768w, https:\/\/trebeltaler-hof.de\/wordpress\/wp-content\/uploads\/2024\/12\/20241202_141905b-508x338.jpg 508w\" sizes=\"auto, (max-width: 800px) 100vw, 800px\" \/><\/figure>\n\n\n\n<p class=\"has-text-align-center\" style=\"font-size:10px\"><\/p>\n\n\n\n<figure class=\"wp-block-gallery has-nested-images columns-default is-cropped wp-block-gallery-6 is-layout-flex wp-block-gallery-is-layout-flex\"><div class=\"wp-block-image is-style-default\">\n<figure class=\"aligncenter size-large\"><img loading=\"lazy\" decoding=\"async\" width=\"999\" height=\"707\" data-id=\"433\" src=\"https:\/\/trebeltaler-hof.de\/wordpress\/wp-content\/uploads\/2024\/10\/collage1.jpg\" alt=\"\" class=\"wp-image-433\" srcset=\"https:\/\/trebeltaler-hof.de\/wordpress\/wp-content\/uploads\/2024\/10\/collage1.jpg 999w, https:\/\/trebeltaler-hof.de\/wordpress\/wp-content\/uploads\/2024\/10\/collage1-300x212.jpg 300w, https:\/\/trebeltaler-hof.de\/wordpress\/wp-content\/uploads\/2024\/10\/collage1-768x544.jpg 768w, https:\/\/trebeltaler-hof.de\/wordpress\/wp-content\/uploads\/2024\/10\/collage1-973x689.jpg 973w, https:\/\/trebeltaler-hof.de\/wordpress\/wp-content\/uploads\/2024\/10\/collage1-508x360.jpg 508w\" sizes=\"auto, (max-width: 999px) 100vw, 999px\" \/><figcaption class=\"wp-element-caption\"><strong>Hedy vom Louisenhofer Land x Caruso von der Zughunde-Rasselbande<\/strong><\/figcaption><\/figure>\n<\/div><\/figure>\n\n\n<div class=\"wp-block-image is-style-default\">\n<figure class=\"aligncenter size-medium\"><img loading=\"lazy\" decoding=\"async\" width=\"200\" height=\"300\" src=\"https:\/\/trebeltaler-hof.de\/wordpress\/wp-content\/uploads\/2024\/10\/20241029_105238-2-200x300.jpg\" alt=\"\" class=\"wp-image-428\" srcset=\"https:\/\/trebeltaler-hof.de\/wordpress\/wp-content\/uploads\/2024\/10\/20241029_105238-2-200x300.jpg 200w, https:\/\/trebeltaler-hof.de\/wordpress\/wp-content\/uploads\/2024\/10\/20241029_105238-2-508x762.jpg 508w, https:\/\/trebeltaler-hof.de\/wordpress\/wp-content\/uploads\/2024\/10\/20241029_105238-2.jpg 533w\" sizes=\"auto, (max-width: 200px) 100vw, 200px\" \/><\/figure>\n<\/div>\n\n\n<p class=\"has-text-align-center has-background\" style=\"background:radial-gradient(rgb(202,248,128) 0%,rgb(113,206,126) 100%);font-size:10px\">Sollten Sie Interesse an unserer Hundezucht haben, nehmen Sie bitte <a href=\"https:\/\/trebeltaler-hof.de\/wordpress\/kontakt-impressum\/\" data-type=\"page\" data-id=\"151\">Kontakt<\/a> zu uns auf, ob telefonisch, per Mail oder Whatsapp. Unsere zuk\u00fcnftigen Welpenbesitzer m\u00f6chten wir, wenn es m\u00f6glich ist, im Vorfeld gerne auch pers\u00f6nlich kennenlernen.<\/p>\n\n\n<div class=\"wp-block-image\">\n<figure class=\"aligncenter size-full\"><img loading=\"lazy\" decoding=\"async\" width=\"280\" height=\"423\" src=\"https:\/\/trebeltaler-hof.de\/wordpress\/wp-content\/uploads\/2025\/01\/9897-2025.jpg\" alt=\"\" class=\"wp-image-514\" srcset=\"https:\/\/trebeltaler-hof.de\/wordpress\/wp-content\/uploads\/2025\/01\/9897-2025.jpg 280w, https:\/\/trebeltaler-hof.de\/wordpress\/wp-content\/uploads\/2025\/01\/9897-2025-199x300.jpg 199w\" sizes=\"auto, (max-width: 280px) 100vw, 280px\" \/><\/figure>\n<\/div>","protected":false},"excerpt":{"rendered":"<p>Am 30. November 2024 hat unsere Hedy instinktsicher 6 Welpen (2 Jungen und 4 M\u00e4dchen) das Leben geschenkt. 20. August 2025 &#8211; Inzwischen 8 Monate jung- sie wachsen&#8230;<\/p>\n","protected":false},"author":1,"featured_media":0,"parent":0,"menu_order":0,"comment_status":"closed","ping_status":"closed","template":"","meta":{"footnotes":""},"class_list":["post-53","page","type-page","status-publish","hentry"],"jetpack_sharing_enabled":true,"_links":{"self":[{"href":"https:\/\/trebeltaler-hof.de\/wordpress\/wp-json\/wp\/v2\/pages\/53","targetHints":{"allow":["GET"]}}],"collection":[{"href":"https:\/\/trebeltaler-hof.de\/wordpress\/wp-json\/wp\/v2\/pages"}],"about":[{"href":"https:\/\/trebeltaler-hof.de\/wordpress\/wp-json\/wp\/v2\/types\/page"}],"author":[{"embeddable":true,"href":"https:\/\/trebeltaler-hof.de\/wordpress\/wp-json\/wp\/v2\/users\/1"}],"replies":[{"embeddable":true,"href":"https:\/\/trebeltaler-hof.de\/wordpress\/wp-json\/wp\/v2\/comments?post=53"}],"version-history":[{"count":82,"href":"https:\/\/trebeltaler-hof.de\/wordpress\/wp-json\/wp\/v2\/pages\/53\/revisions"}],"predecessor-version":[{"id":678,"href":"https:\/\/trebeltaler-hof.de\/wordpress\/wp-json\/wp\/v2\/pages\/53\/revisions\/678"}],"wp:attachment":[{"href":"https:\/\/trebeltaler-hof.de\/wordpress\/wp-json\/wp\/v2\/media?parent=53"}],"curies":[{"name":"wp","href":"https:\/\/api.w.org\/{rel}","templated":true}]}}